alue of 3 + -4 + 14 + -9 - 8?
-4
-4 + -3 - ((86 - 81) + 1 + -11)
-2
Evaluate 9 + (-5 - -1 - (0 - 0)).
5
What is the value of 4 - (27 + -20 - 7)?
4
What is the value of 0 + (-19 - (12 + -30))?
-1
Calculate -6 - (-25 + (-18 - -31)).
6
What is -12 - (-4 + (-10 - 3) + 25)?
-20
Calculate 7 + 0 + (-51 - -28) + 14 + 9.
7
Calculate 12 + (16 - (49 + -13)).
-8
What is (21 - 13) + 17 + (-3 - -2) + -5?
19
Calculate 2 + 11 - 7 - 4.
2
14 + 13 + -16 - -3
14
(31 - (16 + 47)) + 46
14
Evaluate (-1 - 19) + (-767 - -778).
-9
Evaluate (3 - (-11 + 26)) + 8.
-4
Evaluate (-28 - -2) + 0 + (11 - 1).
-16
What is 125 + -123 + -2 + 8 + 1?
9
What is 23 - (-14 - (-19 + 3))?
21
Calculate (17 - -2) + (1 + -6 - (-8 + 9)).
13
Calculate (2 - 3 - -9) + (-3 - 12).
-7
What is the value of -1 + 6 - (-15 - -13)?
7
Calculate -1 - -15 - (43 - 14).
-15
-10 - 4 - (10 + -31)
7
Calculate 5 + (-16 - 9) - (0 - 0).
-20
What is 20 - (-4 - (-17 - -10))?
17
What is 7 + (-2 - ((-9 - -10) + 1)) + 2?
5
What is 20 + (-12 - (-11 - -39))?
-20
Evaluate -105 + 97 - ((12 - -1) + 1).
-22
Calculate -88 + 90 + (-2 - 11).
-11
What is -9 + (-340 + 338 - (-37 + -1 + 0))?
27
What is the value of (-3 - (3 - 10)) + (-39 - (-8 + -2))?
-25
(-36 + 37 - (3 + 6 + -3)) + 2
-3
Evaluate 2 + 8 + (5 + -9 - 0 - -12).
18
What is (-15 - -8) + 9 - (10 + -5)?
-3
Evaluate (-20 - (-5 + -3)) + -1 + 2 + 3.
-8
Calculate 24 + -21 + 19 - 35.
-13
What is the value of 16 - (2 + -12 + (9 - -1) + -5)?
21
Calculate -1 + 8 - (-40 + 29) - (-1 - -7).
12
What is the value of -12 - (2 + -3 - 0)?
-11
What is the value of 1 - 0 - (-2 + -18 + 13)?
8
-5 + -10 + 4 + (-55 - -57)
-9
Calculate -12 + 4 + 23 + -4 - 7.
4
What is 7 + (1 - 0) - (-10 + 31)?
-13
Calculate -10 + (-5 - -1) + (148 - 145).
-11
What is 7 - (4 + 10 + -4 - (11 - 15))?
-7
Evaluate -18 + 31 + (17 - 31).
-1
Evaluate -1 - 1 - (-19 - -3) - 6.
8
What is -17 + (14 - (15 - 0))?
-18
What is the value of -23 + 13 + 6 + -17 + 7 + -2?
-16
Evaluate (9 + 4 + -4 - 2) + (0 - 2).
5
What is the value of -4 - (-27 - (-3 - (-3 + 8))) - 8?
7
Calculate (2 - (-13 + 8)) + -5 - 10 - 6.
-14
What is -12 + 7 + (-2 - (8 + -27))?
12
What is the value of 0 + (9 - 1) - 0?
8
-13 - (6 - (3 - (1 - 6) - 7))
-18
Evaluate 2 + 0 - ((-26 - -16) + 13 + -41).
40
Evaluate (9 - (10 + -10 + 6)) + 3.
6
Calculate -6 - -27 - 39 - 2.
-20
Evaluate (9 - (5 + -4)) + (1 - (-5 - -11)).
3
-12 - -5 - -14 - (2 - -14) - -6
-3
Calculate -3 + 3 + (1 + -1 + -4 - 2).
-6
What is the value of -43 - (12 - 24 - 13)?
-18
-20 - 0 - (-54 - -40)
-6
What is the value of 1 + (-5 - 7 - -10) - 7?
-8
-54 + 44 - (-9 + 14)
-15
Calculate (11 - 25) + (0 + (0 - -3) - -5).
-6
Calculate -4 + (-18 + 39 - -11).
28
What is (11 - 2) + (-21 - (-41 + 48))?
-19
What is (7 - (-2 + 2)) + -2 + -3?
2
What is 6 + (-1 - -3) + 7 - (3 - 0)?
12
Calculate 7 + (21 - (32 + -15)).
11
What is (-3 - (3 + -1)) + -5 + 9 + -13?
-14
Evaluate (31 - (71 - 33)) + -1 + -12.
-20
Calculate -23 - 0 - (-2 - 7 - (3 + -7)).
-18
Calculate 1 + (-8 + -1 - (-5 - (-13 + 14))).
-2
Evaluate 210 + -235 - (-1 - 1).
-23
Evaluate 14 - (24 + (-14 - -4)).
0
What is the value of -11 + 37 + -61 + 43?
8
What is the value of 11 + -5 + -11 + 21?
16
Calculate -11 + (11 - 9 - -3) + 7.
1
-4 + (23 - (-12 - -3 - -18))
10
Calculate 1 + -25 - -1 - 4.
-27
Calculate 44 + -8 + (31 - 59).
8
Calculate -3 + (-14 - -1) - (11 - 6 - 8).
-13
8 + 0 + -2 + 3868 + -3851
23
What is -1 + 2 - (-88 - (9 + -66))?
32
Evaluate -1011 + 1025 + -1 + 2 + -34.
-19
-1 + -15 + 15 + -9 + -6
-16
Calculate -23 - (-13 - -29 - 21).
-18
(-1 - (-7 - -3)) + -21 + -10 + 15
-13
What is 3 + (4 - (23 + -19))?
3
Calculate (8 + -12 - -20) + -7 + 2.
11
What is (-2 - -4 - -3) + -8 + 24 + -6?
15
What is (0 - 2) + -67 + 74 - (0 + 9)?
-4
What is (5 - (-3 + -6 + 13)) + -5 + -1?
-5
Evaluate 7 + (-4 - 3) + 8 + -3 + -16.
-11
(-5 - -12) + 17 - 10 - -9 - -7
30
Evaluate 2 - (-12 + -2 - -9).
7
-23 + -19 + (-4 - (-8 + -1 + -1))
-36
What is 34 - 39 - -18 - 4?
9
Evaluate 6 + 0 + -1 + (4 - 10).
-1
Calculate (0 - 0) + 22 + -28.
-6
What is the value of -44 - (-11 - 10) - -3?
-20
What is 5 - (-3 - 0 - (20 + -17))?
11
What is -8 - (8 + -17) - 13?
-12
797 - 822 - (-1 + (2 - (9 + 3)))
-14
What is (-30 - -58) + -10 - 1?
17
What is 11 + -1 + -2 - (35 + -38 + -8)?
19
Evaluate 28 - (28 - (15 + -31)).
-16
What is the value of (3 + -14 - -20) + -8?
1
What is 334 + -327 + (16 - 0)?
23
Calculate -4 - (-2 - (2 + (26 - -9))).
35
-2 + (1 - (5 + -2 + (18 - 30)))
8
What is the value of (6 - -2 - 10 - 4) + 3?
-3
5 + -25 + (10 - (-8 + 15) - 1)
-18
Evaluate 37 + -41 - (-9 + -16).
21
(9 - 1) + (-17 - -2) + -1
-8
Evaluate -1 - (-39 - -46 - (21 + 0)).
13
Calculate 21 - (-30 + 7 - -23).
21
What is (3 + 4 - -9) + 5?
21
Evaluate -3 - -11 - (13 + -8 + 2).
1
What is the value of 0 + 0 + -2 + (-63 - (-18 - 25))?
-22
What is -22 + (5 - -9) + 10?
2
What is the value of 14 + 0 - (-13 + 1)?
26
What is the value of -6 - -2 - (-10 - (-17 + (-7 - -17)))?
-1
What is the value of (0 - 1) + -3 + -136 + 127?
-13
What is -398 + 389 - (0 - -17)?
-26
What is the value of -7 + -7 + -6 + 9?
-11
2 + -21 - (-13 + -14)
8
Evaluate -11 - -16 - 6 - (-1 + 6 + 4).
-10
What is -6 + -2 + -17 + 21 + (11 - 3)?
4
What is 11 - (2 - (1 - 11))?
-1
Evaluate 6 - (34 + (-12 - 27)).
11
What is 16 + -24 + ((-2 - -1) + -7 - -44)?
28
Calculate (-6 - (-13 + -2)) + -11 + -6.
-8
33 - (3 + (39 - 12))
3
Evaluate (18 - 3) + -6 + -21 - -1.
-11
Calculate (-4 - -2 - -1) + 8 + 270 + -290.
-13
-26 + (23 - 0) + -13
-16
What is the value of 9 - 38 - -48 - (1 - -11)?
7
What is the value of -10 + 3 + -8 + -26 + 36?
-5
Calculate -342 - -347 - (-4 + (0 - -1)) - 2.
6
Calculate -1 + (2 + -5 - -9 - 5) + -6.
-6
What is 6 + (-5 + -7 - -11 - 6)?
-1
33 - (55 + -20) - (1 + 1 + -1)
-3
What is the value of 6 + -21 + (-7 - -17)?
-5
Evaluate 9 + (0 - -20) - 15.
14
What is the value of -9 + -7 - (0 + -27)?
11
9 + 52 + -9 + -26
26
What is the value of 23 + -14 + 4 + -8 + -16?
-11
(1 - 0) + (-13 - -21) + -1
8
What is 16 + -12 + -6 + 1 + -10?
-11
Calculate 20 - 10 - (8 - 19 - -14).
7
Evaluate (10 + -4 - 8) + (1 - 8) + 6.
-3
-7 - (-11 - -6 - 3 - -2 - -10)
-11
Calculate -16 + -2 - (-664 + 656).
-10
(7 + (2 - 0) - 5) + 1 + -19
-14
What is 26 + -11 + -5 + -2 + 3 + 2?
13
Calculate 27 + 12 + -39 + -17.
-17
Evaluate 1 + -1 - (-9 + (-9 - (-35 + 12))).
-5
-3 + 10 + -5 + -1 + 4 + -2
3
What is the value of 4 + (16 - (25 + -14))?
9
Evaluate (23 - ((-4 - 3) + 10)) + -15.
5
24 + (-8 - 3) + -3
10
Evaluate -23 + (-2 + 3 + (-2 - 7) - -5).
-26
-31 + -9 + 30 - -42
32
Calculate -1 + 24 + 7 + 7 + -25.
12
Calculate (15 - -2) + (10 - 30) + 11.
8
Calculate (104 - 147) + (8 - -4 - 7).
-38
-11 + (6 - (-7 + 12))
-10
What is the value of 5 + (-1 - 5) - (23 - 30)?
6
What is the value of 7 + 0 + 0 + (123 - 133) + -17?
-20
(-18 - -31) + 9 - -3
25
Evaluate 3 + (17 - (3 - -5)) + (-1 - 2).
9
Evaluate (0 - 10) + (15 + -48 - -24).
-19
What is (-4 - 14) + -9 + 7 - (-7 + -2)?
-11
What is -3 + -9 + 3 + 12 + (1 - 1)?
3
9 - (-9 + 6 - -14)
-2
What is (-14 - -8 - (-7 + 17)) + -9?
-25
Calculate 16 + 7 + -24 - 17.
-18
What is the value of 1 - (29 + -30 + 6)?
-4
What is 0 + (10 + -9 - 6) + 13?
8
Evaluate 8 + (6 + -15 - (-3 + -25)).
27
What is the value of -11 + 3 + 10 + -2 + (7 - 11)?
-4
Evaluate 207 + -200 - (8 - 0).
-1
46 + -16 + -28 - (2 + -2 - -19)
-17
Calculate -18 + 40 + -25 + (-1 + 1 - -9).
6
(-58 - -53) + (0 - 3) + (2 - 1)
-7
-8 + (1 + 0 + -10 - -11)
-6
Evaluate 27 + -58 + -41 - -34.
-38
What is the value of 10 + -17 + 20 + (-5 - 25)?
-17
What is -238 + 222 - (0 - 28)?
12
Calculate -10 - (-6 + (-13 + 20 - (2 - -1))).
-8
What is the value of 259 - 253 - ((3 - 1) + (-4 - 7))?
15
Calculate 19 - 14 - -23 - 15.
13
What is the value of (1 - 3) + 9 - (-4 - -4) - 7?
0
Calculate 5 + -8 - (-2 - -9 - 1).
-9
What is 29 + -52 + (10 - 2)?
-15
What is 0 + 4 + 0 + (-14 - (-10 - -5))?
-5
8 - 5 - (-26 - -43)
-14
Evaluate 7 + (-15 - (-18 - -10)).
0
Evaluate 5 - ((21 + -17 - -2) + 0 + -2).
1
-33 - (32 + -28 + -41)
4
16 - 38 - (-18 - -5)
-9
What is the value of -159 + 161 + -2 + 3?
3
(2 - 2 - -2) + (-7 - (-2 - -5))
-8
-10 + 22 + (9 - 18) + (-2 - -19)
20
Evaluate 3 - (14 + 7 - (-3 - (-2 + -3))).
-16
What is the value of -37 + 15 + ((0 - 1) + -10 - -4)?
-29
Evaluate 1 + -11 - ((-25 - -7) + 19).
-11
Calculate 26 + (-28 - -12 - 12).
-2
C